e 0 = -f + 2*t - 4 - 1, -2*f = 3*t - 11. Let c be f/(-1) - (-4 - -1). Suppose c*m - m = 3*p - 28, 2*p + 4*m - 28 = 0. List the prime factors of p.
2, 5
List the prime factors of 51 - (0/1)/3.
3, 17
Suppose 0 = 5*t + 3*z - 2*z - 540, 4*z - 234 = -2*t. List the prime factors of t.
107
Let k = 11 + 36. What are the prime factors of k?
47
Let u(q) = q**3 - 7*q**2 + 3*q + 5. Let j be u(7). Let h = 12 + j. What are the prime factors of h?
2, 19
Let j(u) = 1 + 3 + u - 3. Let t be j(-2). What are the prime factors of (t/(-1))/((-2)/(-8))?
2
Suppose 5*f + 4*g = -30, 3*f - 4*f - 6 = 2*g. Let c = 11 + -10. Let d = c - f. List the prime factors of d.
7
Let b be 2/(17/5 + -3). Suppose b*w = 3*w. Suppose 35 = 5*v + 5*y, w*v + 2*v = -y + 9. List the prime factors of v.
2
Let s = -32 + 50. List the prime factors of s.
2, 3
Let p be (-4)/6 + (-70)/(-6). Suppose 4 - 30 = -5*a + 3*w, -5*a = -4*w - 28. Suppose a*c - p = -3. List the prime factors of c.
2
Let v = -13 - -6. List the prime factors of (v/(-1))/((-2)/(-4)).
2, 7
Let o = 15 + -4. Suppose 25 = z - o. What are the prime factors of z?
2, 3
Suppose -14 = -2*n - 4*a - 0*a, -4*n = 2*a - 16. Suppose -3 = i, n*w - 5*i - 37 + 7 = 0. Suppose w*v = 36 + 24. List the prime factors of v.
2, 3
Let l(a) = 14*a + 18. Let h(w) = -5*w - 6. Let r(x) = 16*h(x) + 5*l(x). What are the prime factors of r(-3)?
2, 3
Suppose 5*j = 5, 0 = -2*d - 2*d + 5*j + 19. Let a(y) = 6*y + 5. What are the prime factors of a(d)?
41
Let v = 41 - 3. What are the prime factors of v?
2, 19
Let a be -6*(-3)/(3 + -2). Suppose g = -g + a. What are the prime factors of g?
3
Suppose -2*y - 4 = 2. Let t(x) = -x**3 - 2*x**2 + x - 2. Let k be t(y). Let m = 14 - k. What are the prime factors of m?
2, 5
Suppose -4*x = 55 - 183. List the prime factors of x.
2
Let x be -1*(0 + -1) - 0. What are the prime factors of 35/(-7)*x*-1?
5
List the prime factors of ((-82)/(-6) - -7)/((-4)/(-6)).
31
Suppose 185 = 4*l + 3*k, -2*l + 4*k + 36 = -40. What are the prime factors of l?
2, 11
Let n = -35 - -17. Let d = 38 + n. Suppose 3*t + d = 4*q - t, 4*q - 20 = -4*t. What are the prime factors of q?
5
Let k be (-2)/8 + 116/16. Let w(s) = -s - 1. Let d be w(-4). Let b = k + d. What are the prime factors of b?
2, 5
Let w(f) = -f + f + 0*f**2 + 11*f**2. List the prime factors of w(1).
11
Suppose 0 = -2*c - 5*j, -4*j + 3 = 2*c + 1. List the prime factors of 1*-22*c/(-10).
11
Let d(i) = 91*i**2. Let p be d(-1). Suppose -p = -5*z - 11. What are the prime factors of z?
2
Let u(p) = 7*p - 2*p**2 - 6 - p**3 + 11*p**2 - 5*p**2. Let j be u(5). Suppose 2*w + j = 10. What are the prime factors of w?
3
Suppose 4*p + 12 = -8. Let x = 8 + p. List the prime factors of x + 0 + (3 - 1).
5
Suppose 0 = 5*f - f - 5*u - 160, 2*f - u - 86 = 0. List the prime factors of f.
3, 5
Suppose 5*s - 2688 + 855 = 4*p, 3*p = -s + 359. List the prime factors of s.
5, 73
Let z(k) = -2*k - 6. Let o(r) = -3*r**2 + r + 1. Let w be o(2). Let x be z(w). Suppose 5*b - x = -2. List the prime factors of b.
2
Suppose 5 = -2*s + 7*s. Suppose -4*y + s = d + 2, 3*y + 27 = 3*d. Suppose 3*w + 1 = d. List the prime factors of w.
2
Suppose -11*z + 8*z = -126. What are the prime factors of z?
2, 3, 7
List the prime factors of ((-51)/2)/(2/(-8)).
2, 3, 17
Let b(w) = 2*w - 6. What are the prime factors of b(6)?
2, 3
Suppose j - 3*j + 24 = 0. Suppose -2*l = l - j. Suppose 2*t - f - 13 = 15, -l*f = -4*t + 64. What are the prime factors of t?
2, 3
Suppose -5*l - q - 3*q = -62, -4*l + 62 = -3*q. Let n be 4/(-14) + 4/l. Suppose n*o = -4*x + 2*o + 24, -2*x - 2*o = -12. What are the prime factors of x?
2, 3
Suppose 5*j - 5 = 0, l - 18 = -0*l - 4*j. What are the prime factors of l?
2, 7
Suppose 0 = -a + 6*a - 30. What are the prime factors of 1/(-3) + 38/a?
2, 3
Suppose 20 + 36 = 4*k. Let x(q) = q**3 - 4*q**2 - 5*q - 3. Let a be x(5). Let m = a + k. List the prime factors of m.
11
Let y(f) = 55*f + 4. What are the prime factors of y(1)?
59
Let d(c) = c**2 + 8*c - 7. Let w be d(-9). Suppose -4*g = -2*h + h - 4, -6 = -w*g. List the prime factors of h.
2
Let x be (2 - (-5)/(-3))*9. Let j = x + -6. Let s = 15 + j. What are the prime factors of s?
2, 3
Suppose 2*d + 2*d = 4*h - 8, h + 5*d = -28. Suppose -70 = -5*x - 5. Let f = x + h. What are the prime factors of f?
2, 5
Let v(d) = d**2 + 7*d + 11. What are the prime factors of v(-10)?
41
Suppose -4*o = -o - 180. Let u = o - 29. What are the prime factors of u?
31
Let d(v) = -v**3 + 12*v**2 + 18*v - 16. Let p be 117/(-9)*(-1)/1. List the prime factors of d(p).
7
Let v(r) = 2*r**3 - r**2 + 86. List the prime factors of v(0).
2, 43
Suppose -3*w = 5*k + 63 + 43, -5*w - 130 = -k. What are the prime factors of 4/(-8) + w/(-2)?
13
Suppose 3*d - 9 + 3 = 0. Let q(c) = 13*c + 1. What are the prime factors of q(d)?
3
What are the prime factors of ((0 - -14)/(-2))/(-1)?
7
Let m(c) = 6*c**3 + 1 - 2*c**2 + 3*c - 8*c**3 + c**3. Let q be m(-4). List the prime factors of 2*q/30*5.
7
Suppose -3*x + 32 = -4. Suppose -m + 4*o = -14, m + 0*o - 2*o - x = 0. Suppose 4*f + 3*u = 45, 2 + m = 3*f - 5*u. What are the prime factors of f?
3
Suppose -5*w - 8 = m, m - 4*m + 10 = -2*w. Let n be w/8 - 302/8. What are the prime factors of (-3)/6 - n/4?
3
Suppose 6*a - 39 = 3*a. Let k = -6 + a. What are the prime factors of k?
7
Let o(s) = 49*s**2 - 2*s + 2. What are the prime factors of o(1)?
7
Let w be (-1002)/(-9) - (-4)/6. Suppose 0 = -6*o + 2*o + w. What are the prime factors of o?
2, 7
Let i(y) = -y - 1. Let m be i(0). Let a = -14 - -23. Let j = a + m. What are the prime factors of j?
2
Suppose -9*m + 10*m = 7. What are the prime factors of m?
7
Let m(k) = k**2 + 25. Let q be m(0). Let l = q + -13. List the prime factors of l.
2, 3
Let d(g) = 2*g**2 - 2*g + 1. Let t be d(1). Suppose -2*p = 21 - t. List the prime factors of p/(-45) - (-25)/9.
3
Suppose -3*q + 36 = y + 3*y, -16 = -4*q. List the prime factors of y.
2, 3
Suppose -2*d = d - 30. Let n(g) = 2*g**2 + 2*g + 2. Let o be n(-1). Let w = d + o. List the prime factors of w.
2, 3
Let t(v) = -v**3 + 6*v**2 + 8*v + 7. Let m be t(7). Suppose -21 = 3*p - 0*p. What are the prime factors of 4/m - 68/p?
2, 5
Let j be -2 + 3 + -3 + 6. Let b = 10 - j. Suppose 0 = g - b + 3. What are the prime factors of g?
3
Suppose -5*o + 19 = w + 2, 2*o - 2*w = 14. Suppose 0 = -2*t - o + 10. Suppose 4*s + 5*r = 33, 2*s + s + t*r = 21. List the prime factors of s.
2
Suppose -l = b - 25, 12 = -0*l - 4*l. List the prime factors of b.
2, 7
Let z(a) be the third derivative of 11*a**6/120 - 3*a**2. What are the prime factors of z(1)?
11
Let b(c) = 13*c. Let p be 0/(-2) + (1 - 0). What are the prime factors of b(p)?
13
Let h be ((-6)/(-15))/((-2)/10). Let q(u) = -u**2 - 3*u - 1. Let r be q(h). What are the prime factors of 9*3/(r - -2)?
3
What are the prime factors of 2964/12 - (-5 - (-3 + 2))?
251
Let j(w) = w + 5. List the prime factors of j(7).
2, 3
Suppose 0 = -12*c + 14*c - 200. List the prime factors of c.
2, 5
Suppose 2 = 2*u - 6. Suppose 5*r - u*w = w + 85, -5*r = 2*w - 50. Suppose 6*t = 4*t + r. What are the prime factors of t?
2, 3
Let u be (-3)/(1/(-1 - 0)). Let s(n) = 0*n**3 - 2*n**3 - 2*n**2 - n + u + 4*n. What are the prime factors of s(-2)?
5
Let p(y) = 3*y**2 - 7*y. Let o be p(-5). Suppose -26 = -g - o. List the prime factors of g/(-9)*(-6)/(-4).
2, 7
Let t(u) = -u**3 - 7*u**2 + 8*u - 3. Let z be t(-8). Let n be 46/3*z*1. List the prime factors of (-4)/22 - n/11.
2
Let b(c) = -c**2 - 8*c - 1. Let i be b(-9). What are the prime factors of 5/25 - 198/i?
2, 5
List the prime factors of (2 - 1)/((-6)/(-366)).
61
Let m = 0 - -2. Suppose 5*p = 2*y + y + 21, -m*y = 4. What are the prime factors of p?
3
Let z be (8/(-12))/((-4)/6). Suppose -g - 4*g + k = -23, -z = g - 3*k. List the prime factors of g.
5
Suppose 0 = 5*k - 15, -2*k + 5*k = -4*p + 121. Let z = p + -20. What are the prime factors of z?
2
Suppose 2*t - t = 19. Let g = 34 - t. List the prime factors of g.
3, 5
Let y(m) = 45*m - 90. What are the prime factors of y(7)?
3, 5
Let n be ((-372)/(-8))/(2/(-4)). Let d = -64 - n. List the prime factors of d.
29
Let z be ((-4)/4)/((-1)/8). What are the prime factors of z/20 - 28/(-5)?
2, 3
Let y be 38/6 + (-12)/(-18). Suppose -y = -2*b + b. List the prime factors of b.
7
Suppose -5*